a composite number?
False
Is 23317379 a composite number?
False
Is 84803723 a prime number?
True
Is 1079707781 a prime number?
False
Is 99067379 a composite number?
True
Is 13915427 prime?
True
Is 126203102 composite?
True
Is 7383713 prime?
False
Is 138286783 prime?
False
Is 9450007 composite?
True
Is 21664138 composite?
True
Is 4384403 prime?
False
Is 160143869 composite?
True
Is 74893439 a composite number?
True
Is 7523819 composite?
False
Is 20213563 prime?
True
Is 6073189 a prime number?
False
Is 3367669 prime?
True
Is 39204103 a composite number?
False
Is 164033437 a composite number?
False
Is 68588951 composite?
False
Is 5354049 a composite number?
True
Is 28262593 a prime number?
False
Is 449764241 a prime number?
False
Is 7472399 a composite number?
True
Is 472849 composite?
True
Is 982297 composite?
True
Is 5186137 a prime number?
False
Is 469629119 composite?
True
Is 40910533 a prime number?
True
Is 6032237 a composite number?
True
Is 1162927 a prime number?
True
Is 35368153 composite?
True
Is 200451523 prime?
True
Is 191369877 composite?
True
Is 457064297 prime?
True
Is 2263901 a prime number?
True
Is 277581379 prime?
True
Is 4452281 prime?
False
Is 139098041 composite?
True
Is 137633 prime?
True
Is 596424929 composite?
False
Is 7367313 composite?
True
Is 119797177 prime?
False
Is 6604421 composite?
False
Is 2110597 prime?
False
Is 34031779 a prime number?
False
Is 833191 a composite number?
False
Is 12387481 prime?
True
Is 5378073 prime?
False
Is 24308077 a composite number?
False
Is 50307203 a prime number?
False
Is 40358197 prime?
False
Is 4043483 composite?
False
Is 49288523 a composite number?
True
Is 96725597 prime?
False
Is 57385189 prime?
True
Is 8558999 prime?
True
Is 81129805 prime?
False
Is 606457 a composite number?
True
Is 2024627 a composite number?
True
Is 68000567 composite?
False
Is 1510189 composite?
False
Is 694073 a prime number?
False
Is 25157443 composite?
False
Is 36264989 a prime number?
False
Is 17355959 a composite number?
True
Is 1274129 composite?
False
Is 10338001 prime?
True
Is 97672541 prime?
True
Is 239017 composite?
False
Is 2021837 a composite number?
False
Is 538417 a prime number?
False
Is 263088899 a composite number?
True
Is 86635 a composite number?
True
Is 41744951 composite?
False
Is 14499481 a composite number?
False
Is 1096639 composite?
False
Is 10259321 composite?
False
Is 1606639 a composite number?
False
Is 1852049 a prime number?
True
Is 7090747 a prime number?
True
Is 895339 a prime number?
False
Is 2879609 a composite number?
False
Is 117934211 prime?
False
Is 17530193 a prime number?
False
Is 7746203 prime?
False
Is 3398261 a prime number?
True
Is 194508614 prime?
False
Is 228368509 a prime number?
False
Is 4895689 prime?
False
Is 65101283 composite?
True
Is 12268301 composite?
False
Is 11610773 prime?
True
Is 14688979 a composite number?
False
Is 7159679 composite?
True
Is 2228011 composite?
False
Is 6434621 a composite number?
False
Is 208956137 a prime number?
False
Is 303538369 a prime number?
True
Is 138707 a prime number?
False
Is 28226843 a prime number?
True
Is 3188387 composite?
False
Is 10239013 composite?
False
Is 359449477 prime?
True
Is 24060187 composite?
True
Is 37311766 prime?
False
Is 129603 a composite number?
True
Is 230091773 a composite number?
False
Is 136055467 a composite number?
False
Is 18432103 a prime number?
True
Is 7034297 composite?
True
Is 110527 composite?
False
Is 6405701 a composite number?
False
Is 1434637 a prime number?
True
Is 2913929 prime?
True
Is 6632935 a composite number?
True
Is 562963889 a composite number?
False
Is 103964699 a prime number?
True
Is 697307 a prime number?
False
Is 1370573 prime?
True
Is 66186611 composite?
False
Is 27724067 a prime number?
False
Is 14839379 composite?
False
Is 685246453 prime?
False
Is 216128119 a prime number?
True
Is 138570311 a prime number?
False
Is 24501619 a composite number?
False
Is 1227037 prime?
False
Is 14646413 composite?
True
Is 13120721 composite?
True
Is 101838931 a prime number?
True
Is 108049961 a composite number?
False
Is 331691 a composite number?
False
Is 4322201 composite?
True
Is 56604727 prime?
False
Is 94018601 composite?
False
Is 20010587 a prime number?
False
Is 39837643 a prime number?
True
Is 5364247 a prime number?
False
Is 853529 a composite number?
False
Is 12064157 prime?
False
Is 35312467 a prime number?
False
Is 12022559 prime?
False
Is 498089 a prime number?
True
Is 2734513 a prime number?
True
Is 2372744711 composite?
False
Is 66839023 prime?
True
Is 15266921 prime?
True
Is 60547919 a composite number?
True
Is 83227783 a composite number?
False
Is 231375877 composite?
True
Is 47820671 composite?
False
Is 27770261 a composite number?
False
Is 1244953 a prime number?
True
Is 229189517 prime?
True
Is 256007945 a composite number?
True
Is 58221071 a composite number?
True
Is 14319493 composite?
True
Is 8457803 a prime number?
True
Is 4163599 a composite number?
True
Is 45256117 prime?
False
Is 7459737 composite?
True
Is 86030783 prime?
False
Is 860360269 prime?
True
Is 1491005 composite?
True
Is 3032503 a composite number?
True
Is 148167341 composite?
True
Is 15741413 prime?
False
Is 88451513 a composite number?
False
Is 194530889 a composite number?
True
Is 647861 composite?
False
Is 5941651 a composite number?
False
Is 1525543 a composite number?
True
Is 2068111 a composite number?
True
Is 741401 composite?
False
Is 3533227 composite?
True
Is 83186753 prime?
False
Is 419318 a prime number?
False
Is 328271 a prime number?
True
Is 22190629 a prime number?
False
Is 30726791 a prime number?
True
Is 11176129 a composite number?
False
Is 70816979 composite?
False
Is 48908959 prime?
False
Is 31010809 composite?
False
Is 11170961 a prime number?
False
Is 4108499 a prime number?
True
Is 886909 prime?
True
Is 5616827 a prime number?
True
Is 492372451 a prime number?
False
Is 133180517 a prime number?
True
Is 44842359 a composite number?
True
Is 15620987 prime?
True
Is 60258463 a prime number?
True
Is 6309323 a composite number?
True
Is 925237 prime?
True
Is 47597917 prime?
True
Is 53016947 a composite number?
False
Is 4269439 composite?
False
Is 44073241 prime?
True
Is 20917313 composite?
False
Is 330934853 composite?
True
Is 7072745 a prime number?
False
Is 19750699 a composite number?
False
Is 1653643 composite?
False
Is 2397917 a composite number?
False
Is 245507 a composite number?
True
Is 1226837 a composite number?
True
Is 123839863 a composite number?
True
Is 20774027 prime?
False
Is 2756549 prime?
True
Is 53801917 composite?
True
Is 47385041 prime?
False
Is 1417607 composite?
True
Is 16228855 prime?
False
Is 129089347 a prime number?
False
Is 10783417 a composite number?
False
Is 48943 a composite number?
True
Is 11839207 composite?
False
Is 2294663 a prime number?
False
Is 1177595741 prime?
False
Is 926957 a composite number?
False
Is 308657 composite?
True
Is 30118087 prime?
False
Is 208487 prime?
False
Is 136237 prime?
True
Is 28019969 composite?
False
Is 23260841 a composite number?
False
Is 33493673 a composite number?
False
Is 1572869 composite?
False
Is 4338339 a composite number?
True
Is 7004827 composite?
True
Is 45883793 a composite number?
False
Is 38452319 prime?
True
Is 69024877 a composite number?
False
Is 737419 prime?
False
Is 15306931 composite?
True
Is 34576561 a prime number?
False
Is 14811733 composite?
False
Is 2060021 a composite number?
False
Is 1697146609 a composite number?
True
Is 13344833 a composite number?
True
Is 225977767 prime?
True
Is 5811443 composite?
True
Is 75022187 a prime number?
True
Is 13331918 prime?
False
Is 3222143 a composite number?
True
Is 13979501 a prime number?
True
Is 4114421 a composite number?
False
Is 20353105 a prime number?
False
Is 145692973 a prime number?
False
Is 378478 composite?
True
Is 4837837 a composite number?
True
Is 44106311 a composite number?
False
Is 9565511 a prime number?
False
Is 274546451 prime?
False
Is 437402267 a composite number?
True
Is 3456911 a composite number?
False
Is 1984097 a composite number?
True
Is 969275389 a composite number?
False
Is 20242549 a composite number?
False
Is 722128738 a prime number?
False
Is 8653053 a prime number?
False
Is 1866269 a prime number?
True
Is 523746